
3
Let g be (3/6)/((-1)/(-110)). Suppose 4*s - 41 = g. Suppose d + 3*d = s. What is the highest common factor of 6 and d?
6
Let g(v) = 5*v**2 - 6*v - 4. Let b be g(5). Calculate the greatest common divisor of b and 13.
13
Let p(d) = -d**3 + 8*d**2 - 10*d + 6. Let g be p(6). Let s = 140 - 14. Calculate the highest common factor of g and s.
18
Let x = 123 + -115. What is the greatest common divisor of 256 and x?
8
Suppose -x + 2*x = 5. What is the greatest common factor of 35 and x?
5
Suppose -s - s = 2*f - 10, 3*s = -9. Suppose 17 - 1 = 5*g - 4*i, -3*g = -4*i - f. Let m = 20 - -24. What is the highest common divisor of m and g?
4
Let o(c) = c**3 + 11*c**2 + 7*c + 11. Let f be o(-9). Calculate the highest common factor of f and 44.
22
Let i = 3 + 3. Suppose 0 = n - i*n + 70. Calculate the highest common factor of 56 and n.
14
Suppose -5*j = -3*j - 56. Calculate the highest common factor of j and 56.
28
Suppose -v + 0*x - 6 = 4*x, -3*v - 4*x - 2 = 0. What is the highest common divisor of 5 and v?
1
Let o = 297 + -206. Calculate the greatest common divisor of o and 13.
13
Let y = 227 + -94. Calculate the highest common factor of 19 and y.
19
Suppose 0 = 2*w - 6 - 4, -2*q + 34 = 4*w. Let t(l) = 8*l**2 - 1. Let z be t(-1). Let d = z - 0. What is the highest common factor of d and q?
7
Let w(o) = -57*o - 2. Let y be w(-1). What is the greatest common factor of y and 11?
11
Suppose 6*p = 2*p - 144. Let o = p - -54. Suppose 0 = 3*v - 119 - 43. Calculate the greatest common divisor of v and o.
18
Let u(a) = a**3 - 6*a**2 + 2*a - 8. Let f be u(6). Suppose -f*i = -i + 402. Let d = 211 + i. What is the greatest common divisor of d and 11?
11
Suppose 3*g = 2*j - 10, -2*g - 12 = -j - 4*g. Calculate the highest common divisor of 2 and j.
2
Let s = -8 + 13. Suppose 0*z + 5 = s*z. Suppose z = 5*i - 109. Calculate the highest common divisor of 11 and i.
11
Let n be (-1 + 1)/(-4 + 6). Suppose -2*k - k + 90 = n. What is the highest common factor of k and 12?
6
Let a = -37 - -77. What is the greatest common factor of a and 60?
20
Let w = 76 + 166. What is the highest common factor of w and 22?
22
Let r(w) = w**2 + 2*w - 3. Let t be r(-8). What is the highest common divisor of t and 30?
15
Suppose -6 = 3*f - 5*f. Suppose 3 + f = k. What is the highest common factor of 54 and k?
6
Let w(f) = 2*f - 3. Suppose 2*r + 9 + 3 = 0. Let o = 13 + r. Let g be w(o). Calculate the highest common factor of 99 and g.
11
Suppose -24 = -3*t - g - 2*g, -4*t - 3*g + 30 = 0. Suppose -3*b - 3 = -0*b. Let i be (-16 - b)*6/(-5). Calculate the highest common divisor of i and t.
6
Suppose -3*k + 5*i = -5*k + 34, 3*k = -2*i + 40. Let d be k/(1 + 0/(-3)). Let p = -91 - -175. Calculate the highest common factor of d and p.
12
Let h be -5 - 1/((-1)/(-3)). Let p = h - -16. Calculate the greatest common divisor of p and 1.
1
Let i(n) = -4*n - 2. Let a be i(5). Let d = a - -40. Let c = 4 - -68. Calculate the highest common factor of c and d.
18
Suppose -2*s = -d - 39, 5*s - 17 - 76 = d. Calculate the highest common divisor of 18 and s.
18
Suppose 45 = 3*j - 0*k - 2*k, j - 28 = 5*k. What is the highest common factor of 26 and j?
13
Let l = 19 + -5. Suppose -2*t - j = -6*t + 6, 4*j = -4*t - 4. Let c be 49*t*(3 + -1). Calculate the greatest common factor of c and l.
14
Suppose -6*d + 8 = -5*d. Let s = 21 - 9. Calculate the greatest common divisor of s and d.
4
Suppose 54 - 154 = -i. Let x(l) = -2 + 0*l - l - 2*l. Let m be x(-4). Calculate the greatest common divisor of m and i.
10
Let n(a) be the second derivative of 17*a**3/6 + a**2/2 + a. Let q = 9 - 8. Let y be n(q). Calculate the greatest common factor of 9 and y.
9
Suppose -3*w + 145 = -50. Suppose 0 = -z + 3*z + 4. Let g be z*1/(-2) - -25. Calculate the highest common factor of w and g.
13
Let s(d) = -d - 16. Let g be s(-11). Let u(m) = -17*m + 5. Let v be u(g). What is the highest common divisor of v and 18?
18
Let w(c) = -12*c. Suppose -3*i = -2*i + 3. Let o be w(i). Calculate the highest common divisor of o and 9.
9
Let j be (-4 + 1)/((-18)/(-60)). Let g be 3 - 1 - j/1. What is the greatest common divisor of g and 12?
12
Let f(d) = -2*d**3 - 3*d**2 - 3*d. Let g be f(-2). Suppose 4*p - g = -p. What is the greatest common divisor of p and 2?
2
Let r be ((3 - 32) + 4)/(-1). What is the greatest common factor of 175 and r?
25
Let q be (36/21 - 2) + (-317)/(-7). Calculate the highest common divisor of 90 and q.
45
Let b = 7 + -11. Let v = 4 - b. Calculate the highest common factor of 72 and v.
8
Let k = -10 + -19. Let m = k + 40. Let h be (25/(-15))/((-1)/33). Calculate the highest common divisor of m and h.
11
Suppose 0 = 2*l + 2*l - 64. Calculate the greatest common divisor of l and 128.
16
Suppose 3*n = -s + 16, -12 = -2*s + 3*s - 4*n. Calculate the highest common divisor of s and 6.
2
Let s(d) = d**3 + d**2 - 1. Let i be s(1). Calculate the greatest common divisor of 10 and i.
1
Let r(m) = 3*m + 16 - 4*m + 0*m + 2*m. Let g be r(-11). What is the greatest common divisor of 55 and g?
5
Suppose o - 1 = -4. Let f be 1*((o - -1) + 5). Suppose 4*b + f - 30 = -5*r, -5*b + 4*r + 44 = 0. What is the greatest common factor of 56 and b?
8
Suppose -106 = -5*f + 94. Calculate the greatest common factor of f and 8.
8
Let h be 9 - (-3 - -3)/2. Suppose h*k - 13*k + 40 = 0. What is the greatest common divisor of 10 and k?
10
Suppose -2*c + c + 2 = 0. Let t be 12 + (4 - (2 - 0)). Calculate the highest common divisor of t and c.
2
Let o be 8/3*9/4. Suppose 2*b - 114 = -54. What is the highest common factor of b and o?
6
Let y be 0 - 1*(1 + -4). Suppose 0 = w - y*w + 24. Let v be 2/(15/w - 1). Calculate the greatest common divisor of v and 32.
8
Let n(b) = 0 + 2 - 9*b + 0. Let u be n(4). Let k = -24 - u. Calculate the highest common factor of k and 4.
2
Let o(h) = -151*h**3 + 1. Let i be o(-1). Suppose 6*g = 5*r + 5*g - 276, 4*g = 3*r - i. Let z = -13 + 21. What is the greatest common factor of z and r?
8
Let g(w) = 16*w + 1. Let d be 2 - 0 - -1 - 0. Let p = d + -2. Let i be g(p). What is the greatest common divisor of i and 136?
17
Suppose f - 9 = -2*c, 0 = -0*f - 4*f + c + 72. Suppose -4 = p - 123. What is the greatest common divisor of f and p?
17
Let b(d) = 2*d**2 + 4*d - 2. Let m be b(-3). What is the highest common divisor of m and 8?
4
Suppose 0 = 5*c + 268 + 302. Let o = c + 184. Suppose -4*p + 31 + 9 = 0. Calculate the greatest common factor of p and o.
10
Let h be -2*(-1)/2*108. Suppose -3*m + 52 - 16 = 0. What is the greatest common factor of m and h?
12
Suppose 5*z - j + 126 = 789, 120 = z + 4*j. Suppose c - 4*c + z = 0. Calculate the greatest common factor of c and 110.
22
Suppose 3*v + 0*v - 36 = 0. Suppose -3*q + 6 = -v. Let i be q*-1*2/(-3). Calculate the greatest common divisor of i and 4.
4
Suppose 3*o - 152 = 5*v, v - 2*v - 4*o = 12. Let x = v + 116. Suppose -3*i - 3*h = -66, -4*i - 8*h = -3*h - x. Calculate the highest common divisor of 55 and i.
11
Suppose 0 = 5*c + d + 6 - 25, -d + 4 = 0. Calculate the highest common factor of c and 27.
3
Let j(l) = 252*l**3 + l - 1. Let y be j(1). Calculate the highest common divisor of y and 28.
28
Let r be 1757/13 + 4/(-26). Let s = 18 + -3. What is the highest common divisor of s and r?
15
Suppose -4*g + 538 = 2*b - 0*g, 0 = b - 2*g - 289. Calculate the greatest common factor of 31 and b.
31
Let h = 11 + -20. Let s be 3/h*(-65 - -2). Calculate the greatest common divisor of s and 189.
21
Let j be ((-4)/(-6))/((-2)/(-6)). Suppose 4*c - 3*c + 3*b - 56 = 0, -5*c - j*b = -280. Calculate the greatest common factor of c and 8.
8
Let h be 4/(-10) + (-52)/20. Let x = h + 6. Suppose x*z + 2 = 29. Calculate the highest common factor of 18 and z.
9
Let h(j) = 6*j**2 - 2*j - 2. Let s be h(2). Calculate the greatest common factor of s and 45.
9
Let b = -42 + 66. Calculate the greatest common factor of 16 and b.
8
Suppose -5*g + 36 = 6. Calculate the highest common divisor of 42 and g.
6
Let r be -2 + (4 - 7 - -80). Suppose -3*z - 24 = -7*z. Let o(g) = g**2 - g. Let m be o(z). Calculate the greatest common divisor of r and m.
15
Let a be 4356/45 + 2/10. Suppose 2*w + 5 - a = -3*h, h = 4*w + 12. Let p = 41 + -27. What is the greatest common factor of p and h?
14
Let z = -15 - -20. What is the highest common facto